*i - 194 - 22 = 0. What is the remainder when 77 is divided by i?
23
Suppose 24 = -0*b + 6*b. Suppose 0 = b*l - 4*p + 5*p - 132, 2*p - 8 = 0. Calculate the remainder when l is divided by 10.
2
Let z be 5/(20/82)*2. Suppose 0 = c - 4*t - z, -2*c + t - 4*t + 71 = 0. Calculate the remainder when c is divided by 8.
5
Suppose -2*m - 246 = z - 989, -3*z - 3*m + 2229 = 0. What is the remainder when z is divided by 25?
18
Let x = 4673 + -4648. Suppose h = -0*h + 77. Suppose -d - 4*w = -118 + 26, -d + h = w. Calculate the remainder when d is divided by x.
22
Suppose n - 2*n = -4*n. Suppose -3*w = -6*w - 3*s + 81, n = 5*w + 2*s - 120. Calculate the remainder when w is divided by 8.
6
What is the remainder when -2 + 16 + 30 + -34 is divided by 8?
2
Suppose -3*i - i = -20. Suppose i*q - 3 - 12 = 0. Suppose -q*l = -46 - 65. Calculate the remainder when l is divided by 13.
11
Let w(b) = b - 6. Suppose -25 = -2*j - 3*j + 5*x, 4 = 2*j + x. What is the remainder when w(15) is divided by j?
0
Suppose 0 = -4*w + 8*w - 652. What is the remainder when w is divided by 35?
23
Let g = 4 + 58. Let c = -54 + g. Let n(u) = 2*u + 5. What is the remainder when n(5) is divided by c?
7
Suppose -33*d + 7266 = 9*d. Calculate the remainder when 519 is divided by d.
0
Suppose 4598 = -68*l + 90*l. What is the remainder when l is divided by 90?
29
Calculate the remainder when (44/66)/((-2)/(-51)) is divided by 12.
5
Suppose 17 = 5*p - 23. Suppose 0 = -2*s + 7*s - 10. Suppose -s*a - 150 = -7*a. What is the remainder when a is divided by p?
6
Let h(g) = g**3 - 6*g**2 - 24*g + 14. Suppose 9*d + 10 - 73 = 0. What is the remainder when h(9) is divided by d?
6
Let x(h) = 45*h**2 - 3*h - 2. Let j = 36 + -37. What is the remainder when x(j) is divided by 12?
10
Let d be (2 - -1)*(0 - -1). Suppose -d*m + 0 = -6. Suppose l + m*l - 5*f - 144 = 0, -2*l = -5*f - 96. Calculate the remainder when l is divided by 17.
14
Let v = 291 + -224. What is the remainder when v is divided by 17?
16
Let t(f) = -f**2 + 4*f + 8. Let c be t(5). Suppose -5 = -y, 4*x + 2*y = c*x + 17. Calculate the remainder when 39 is divided by x.
4
Let c(t) = t - 16. Let k be c(14). Let r be (-1)/2*k*2. Suppose 2*j = -2*j - 3*n + 52, -r*n = j - 8. What is the remainder when 45 is divided by j?
13
Suppose -6 = -3*j - 30. Let s(l) = l**2 + 7*l - 4. Let c be s(j). What is the remainder when c/((-4)/3) + 57 is divided by 28?
26
Suppose -25 = -5*j, 5*x = 9*x + j - 105. Calculate the remainder when 44 is divided by x.
19
Suppose -4*w = 3*q - 1, -2*q + 0 - 5 = -3*w. Let a be (-57 - w)/(4/(-2)). Suppose -2*y + a = -y. What is the remainder when y is divided by 10?
9
Suppose -17*y + 21*y - 429 = l, -5*y + 5*l = -525. Calculate the remainder when y is divided by 36.
0
What is the remainder when 2/((20/14)/5) is divided by ((-12)/(-6))/(22/6 + -3)?
1
Let h(o) = -24*o**3 + 3*o**2 + o. Let x be h(-2). Suppose 5*q + x = -93. Let u = 90 + q. What is the remainder when u is divided by 8?
7
Let p = 205 + -176. What is the remainder when p is divided by 8?
5
Suppose -3*r + 3*y = 3, 2*y - 3*y = 5*r - 25. Suppose 5*v = -4*z + 25, v - z + 22 = r*v. What is the remainder when 30 is divided by v?
3
Suppose -5*l = -24 + 4. Suppose -l*m = f + 171, m + 87 = -m - f. What is the remainder when 7 - 10 - (1 + m) is divided by 20?
18
Suppose 548 = -5*a + 5*f + 2883, 3*a + 4*f = 1422. What is the remainder when a is divided by 43?
40
Let i = 25 + 3. Suppose 5*m + 3*w = -13 + 80, 0 = -4*m + 4*w + i. Calculate the remainder when ((-18)/2)/(m/(-77)) is divided by 16.
15
Let n be (-11)/(-3 + (-40)/(-12)). Let o = n - -51. Let r(v) = v**3 - 6*v**2 - 9*v - 3. What is the remainder when r(8) is divided by o?
17
Let m be (-3)/(-4) - 132/48. Let t = -4 - m. Let g = 2 - t. Calculate the remainder when 11 is divided by g.
3
Suppose 0 = -6*n + 30 + 42. Suppose n*g - 10*g - 8 = 0. What is the remainder when g is divided by 1?
0
Suppose 4*c + 0 = 1868. Let l = c + -321. Let t(j) = 640*j + 7077. What is the remainder when l is divided by t(-11)?
35
Suppose -13*j + 10 = -55. Let v(z) = -4*z - 7. Let y(l) = -l. Let w(p) = -v(p) + 2*y(p). Calculate the remainder when w(j) is divided by 7.
3
Suppose 2*h + 62 = 4*h. Let w = 1 - 6. Calculate the remainder when h is divided by w/15*(-52 - -1).
14
Suppose 5*x - 120 + 25 = 5*f, -3*x = 2*f - 57. What is the remainder when 188 is divided by x?
17
Suppose 4*v - 288 = -4*m, 27 + 29 = v - 3*m. What is the remainder when v is divided by 38?
30
Suppose 10*n + 23 - 53 = 0. What is the remainder when ((-2)/3)/(4/(-114)) is divided by n?
1
Suppose -493 = -4*s - s + 4*v, -5*s - 5*v + 475 = 0. What is the remainder when s is divided by 10?
7
Suppose 4 = x, 3*p + 5*x - 65 = -2*p. What is the remainder when 41 is divided by p?
5
Let z = 31 + -25. Let j(n) = 2*n + 18. Let v be j(z). Let m = 40 - v. What is the remainder when 28 is divided by m?
8
Suppose -6*h + 84 = -3*h. Suppose 23*d = h*d - 210. Calculate the remainder when d is divided by (4/6)/(4/66).
9
Calculate the remainder when 149 is divided by (-4)/14 - (-18 + 1920/(-105)).
5
What is the remainder when ((-87)/4)/((-3)/12) is divided by (481/(-21) - -8 - (-8)/(-84))*-1?
12
Let d = 176 - -5. What is the remainder when d is divided by 168?
13
Let r = 2209 + -1931. Calculate the remainder when r is divided by 24.
14
Suppose 7*c - 70 = 2*c. Let w be 4/1 + -26 - -2. Let a = w - -25. What is the remainder when c is divided by a?
4
Let j(g) = -g**2 + 11*g - 5. Let o = -1 - -8. What is the remainder when 4/18 - (-394)/9 is divided by j(o)?
21
Suppose -269 = -5*d - 4*j, j + 2*j + 50 = d. Suppose -8*y = -y - 126. What is the remainder when d is divided by y?
17
Calculate the remainder when 62 is divided by 704/24 + 3 - (-4)/(-12).
30
Calculate the remainder when 584 is divided by 5/(30/264) + (-7 - -2).
38
Calculate the remainder when 105 is divided by (-15)/(-9)*(-3525)/(-125).
11
Let n = 52 - 35. Let i = -40 - -43. Suppose -u + v - 3*v + 75 = 0, 3*v + 180 = i*u. Calculate the remainder when u is divided by n.
14
Suppose -66 = -z - 2*n, 0 = 2*z - 16*n + 12*n - 108. Calculate the remainder when z is divided by 25.
10
Suppose -s = -0 + 1. Let p(x) = -53*x. Suppose -5*o - 2*r = -130, 7*o - 215 = 4*r + 1. Calculate the remainder when p(s) is divided by o.
25
Let r(d) = 3*d**2 + 2*d + 1. Let c(n) = -n**3 + 13*n**2 - 12*n - 9. Let h be c(12). Let m = h + 7. What is the remainder when 16 is divided by r(m)?
7
Let d(c) = -c**2 - 1. Let z be d(1). What is the remainder when 40 is divided by ((-840)/(-100))/(z/(-5))?
19
Suppose -3*i - 20 = i. Let m(b) = -b**2 - 5*b + 2. Let r be m(i). What is the remainder when r/(-9) - 55/(-45) is divided by 1?
0
Suppose -5*v + 25 = 5*n, -6*v = -7*v - 2*n + 2. What is the remainder when 21 is divided by v?
5
Let b be (32/(-1))/(-4) - 2. Calculate the remainder when 47 is divided by (b/12)/(3/72).
11
Suppose q = -5*f + 20, -3*q + 3*f + 72 = 2*q. Suppose 52 = 2*p - 5*h, -5*p - 2*h - 14 = -86. Let v = q + p. Calculate the remainder when 121 is divided by v.
28
Let d(z) = 6*z**2 + 6*z. Let j be d(-6). Let x = -60 + j. What is the remainder when x is divided by 31?
27
Let t = 95 - -352. What is the remainder when t is divided by 15?
12
Let j(t) be the second derivative of -t**5/20 + t**4/3 + 2*t**3/3 - 5*t**2/2 - t. Calculate the remainder when (-137 + 8)*(-3)/9 is divided by j(4).
10
Suppose k - 25 = 52. Calculate the remainder when k is divided by 41.
36
Let g(d) = d. Let y(m) = -2*m - 8. Let c(s) = -4*g(s) - y(s). What is the remainder when 67 is divided by c(-3)?
11
Let n = 11 + -13. Let w(d) = 42*d**2 - 1. Calculate the remainder when w(1) is divided by (-3 - n - 1) + 16.
13
Suppose 68 = 4*t - 4*a, 8 = t + a - 7. Let v = -12 + t. Suppose -4*d + 41 = -3. What is the remainder when d is divided by v?
3
Suppose -80 = -60*u + 56*u. Let y(p) = -p**3 + 21*p**2 - 13*p - 16. What is the remainder when y(u) is divided by 21?
19
Let t(i) = -90*i - 1517. Suppose 0 = 9*z - 4*z - 290. What is the remainder when z is divided by t(-17)?
6
Let r = 1603 - 1485. What is the remainder when 211 is divided by r?
93
Let c be (3/2 - -4)*2. Let x = 21 - c. What is the remainder when 73 is divided by 113/3 - x/15?
36
What is the remainder when 377 is divided by 1593/21 - (-9)/63?
73
Let z(